isor of h and k.
10
Suppose -250*a + 5246 = -128*a. What is the greatest common divisor of a and 5?
1
Let p(b) = b**3 + 16*b**2 - 17*b. Let m be p(-17). Suppose m = a - 4*a - 351. Let o = a + 257. What is the greatest common divisor of o and 20?
20
Suppose 204*l - 91152 - 89561 + 50561 = 0. What is the highest common factor of 377 and l?
29
Suppose -45 + 63 = 9*t. Suppose -y - 2*a + 7 = -19, -t*y - a + 43 = 0. Suppose 5 = -j, -5*m - 2*j = -463 - 427. What is the highest common divisor of y and m?
20
Let y(a) = a**2 + 6*a + 5. Let l be y(-5). Suppose 4*i - 2*c - 168 - 58 = l, 3*i + 4*c = 153. What is the highest common factor of 10 and i?
5
Let n be (-2)/((-1)/(106/4)). Suppose -4*b = -245 + n. Suppose 5*c - 160 = 3*l + l, -4*l - 88 = -3*c. What is the highest common factor of b and c?
12
Suppose 88*m - 227*m - 2401 = -15328. What is the greatest common divisor of 6138 and m?
93
Suppose -2*s + 5*s - 12 = -2*k, 5*k + 5*s = 30. Let q(v) = 4 - 6 + k*v + 3 - 4. Let u be q(1). What is the highest common factor of u and 12?
3
Suppose -39891 = -8*p - 4027. Suppose -20*n - 1623 = -p. What is the greatest common factor of 13 and n?
13
Suppose -2*f + 12 = j - 0*f, 3*j + 4*f = 28. Let a be -240*((-7)/(-14))/(j/(-8)). What is the greatest common factor of a and 32?
16
Suppose 0 = 3*c - 148*x + 151*x - 54, -2*c = -4*x - 72. Calculate the highest common divisor of c and 4344.
24
Let z(j) = j**3 - 8*j**2 - 81*j + 620. Let m be z(10). What is the highest common factor of m and 2675?
5
Let p(j) = j + 31. Let q be p(-12). Suppose 0 = -2*d + 3*d - q. Calculate the greatest common divisor of 76 and d.
19
Suppose 3*s + 9 = -5*p, -14 = -s - 2*p + 6*p. Suppose 5*t - 5*w - 345 = 0, s*w - 6 + 0 = 0. Calculate the greatest common factor of t and 36.
36
Let n(v) = v**3 - 4*v**2 + v + 5. Let c(h) = -h + 33. Let l be c(29). Let t be n(l). Calculate the highest common divisor of t and 9.
9
Let h = 6 + -5. Let t be ((-9)/(-9))/(h - 0). Let j(y) = y**3 - 28*y**2 + 52*y + 7. Let o be j(26). Calculate the greatest common factor of t and o.
1
Suppose -487*u + 944 = -428*u. Let h be (-7 - 1)/((-1)/8). Calculate the highest common divisor of u and h.
16
Let l be 7192/9 - 616/(-693). Calculate the highest common factor of 20 and l.
20
Let x be ((-24)/165 - 4/10) + 12480/132. Calculate the greatest common divisor of 6 and x.
2
Let d(i) = -i**2 - 6*i + 1. Let o be d(-5). Let j be 1/3*(10 + 11/(-11)). Calculate the greatest common factor of o and j.
3
Let f = 24126 + -17011. Calculate the highest common divisor of 5 and f.
5
Let z be 1/(-5*1/(-25)). Suppose 2*v + 4*f - f - 1 = 0, z*v = -5*f + 10. Suppose v*t = -t + 60. What is the greatest common divisor of 160 and t?
10
Let k = -2597 - -2660. Let w(y) = y**2 + 8*y + 7. Let b be w(-8). What is the highest common divisor of b and k?
7
Suppose -11*x = -12*x + 236. Let z = -205 + x. Calculate the highest common factor of 124 and z.
31
Let n be (-11 + 7)/4 - -6. Let z = -51 - -33. Let l be 109/2 - 9/z. Calculate the highest common factor of l and n.
5
Suppose -r - 3*m + 72 = 0, 2*m + 49 + 63 = 2*r. Let o(v) = 103*v - 2404. Let h be o(28). What is the greatest common divisor of h and r?
60
Suppose 16 = -2*v - 3*l, 3*v + 5*l = 4*v + 34. Let c be -70*(0 + (-12)/v). Let y = c - -66. Calculate the greatest common divisor of y and 2.
2
Suppose 3*x - 2*x + 303 = 4*u, 4*u + 4*x - 288 = 0. Suppose u*k = 29*k + 2714. Calculate the greatest common factor of k and 826.
59
Suppose -2*z + 7 - 15 = 0. Let i be ((314 - -2) + z)*4/6. What is the highest common factor of i and 26?
26
Suppose -j - 501 - 956 = -3*w, 5*w - 5*j - 2425 = 0. Let f be -189*(3024/(-6468) - -2*1/11). What is the highest common factor of f and w?
54
Let d be ((-272)/(-5))/((-65)/(-325)). Calculate the highest common divisor of d and 459.
17
Suppose 0 = 10*j - 9127 - 1143. Calculate the greatest common factor of j and 711.
79
Let k(y) = y**3 + 32*y**2 - 117*y - 412. Let p be k(-35). Calculate the greatest common divisor of p and 3152.
8
Suppose -j - 28 = -3*j. Suppose j + 18 = 2*u. Let k = 22 + u. What is the greatest common factor of k and 95?
19
Let z = 529 - 89. Suppose -53*i + 6043 = -317. What is the greatest common factor of i and z?
40
Suppose 0 = 3*j - 3*b - 15, -4*j = 5*b - 6 - 14. Suppose 6*z - z + 2*d = 193, -j*z = -d - 181. Calculate the greatest common divisor of z and 333.
37
Let i be 35703 + (-190)/90*9. What is the highest common factor of 88 and i?
44
Let w = -376 + 502. Let c = 1437 + -1383. Calculate the greatest common factor of c and w.
18
Let p = 5353 + -4258. Calculate the greatest common factor of 165 and p.
15
Let h(i) = -i**2 - 27*i - 4. Let d be h(-20). Let u = d + -88. What is the highest common factor of u and 12?
12
Let x = -7971 - -8081. Calculate the highest common factor of x and 2530.
110
Let z be 7 + 4 + -8 + 0. Let j(i) = 25*i**2 + 2*i + 9. Let a be j(z). Calculate the highest common factor of a and 30.
30
Suppose 76 = -19*m + 5*m + 706. What is the greatest common divisor of 915 and m?
15
Suppose 1612 = 5*g - 2*p, -2*g + 3*p + 39 = -597. Let d be 5*(-1 + 207/(-15)). Let h = 110 + d. Calculate the greatest common factor of h and g.
36
Suppose 2*q - 128 = -2*f, 4*f - 2*f - 317 = -5*q. Let r = 3292 + -3247. Let w = q - r. What is the highest common factor of 198 and w?
18
Let w(a) = -a**2 - 15*a - 18. Suppose 13 = -5*v + 4*v - 4*i, -5*i + 52 = -4*v. Let r be w(v). Calculate the highest common factor of 168 and r.
8
Let k be (-2)/((-1431)/102 - -14). Calculate the highest common factor of k and 238.
34
Suppose -7*q = -6*q - 57. Let r = -57 + q. Suppose -4 = -4*a - 3*g, r = -a - 3*a + 2*g + 4. What is the highest common factor of 1 and a?
1
Suppose 209*y - 128280 = 185*y. What is the highest common factor of 15 and y?
5
Suppose 4*a = 5*v + 6 + 4, 5*a = -2*v - 4. Let s be (-57 + a)*(16 + -17). Let c be (-21 + 2)*(3 + -4). Calculate the highest common divisor of s and c.
19
Let b(t) = -2*t**3 + 21*t**2 + 21*t - 56. Let x be b(11). Let a be x + -26 - 2*-1. Calculate the greatest common factor of 420 and a.
30
Suppose 4*g = 3*p - 218, -p + 5*g = 3*p - 289. Suppose -w = 2*w - p. Let c = 518 - 463. Calculate the greatest common divisor of w and c.
11
Suppose 5*l - 159 = -2*v, -6*l + l + 303 = 4*v. Suppose -79*q + 1556 = -340. Calculate the highest common divisor of q and v.
24
Suppose -m + 106 = -4*s, 201 = -47*m + 49*m + 3*s. What is the greatest common divisor of 2550 and m?
102
Let g = 143 - 45. Suppose 0 = -2*b + g - 84. What is the greatest common divisor of b and 21?
7
Suppose -2*g = 5*f - 60, 4*g + 18 = -4*f + 54. Let h be 63*((-92)/f - -7). What is the greatest common factor of h and 27?
27
Suppose 403*y = 382*y + 3192. Calculate the highest common divisor of y and 19.
19
Suppose -321*y - 75 = -2*w - 324*y, w - 5*y - 83 = 0. Suppose 4*l - 352 = -3*z + 100, 3*l - 15 = 0. What is the highest common divisor of w and z?
48
Suppose 52*u - 4820 = 206*u - 18680. What is the highest common divisor of 790 and u?
10
Let l = -153 + 604. Suppose -4*u - l = -3*c, 5*c + 2*u = 37 + 758. Suppose 0 = 3*g - c - 95. What is the highest common factor of g and 12?
12
Suppose -550*b - 2*z + 1569 = -549*b, 0 = 5*b - 2*z - 7869. Calculate the highest common divisor of 121 and b.
121
Let n = 598 + -582. Suppose 3*s - a = 6, -3*a + 4*a = 2*s - 4. Calculate the highest common factor of s and n.
2
Let h = 126393 - 81279. What is the greatest common divisor of h and 146?
146
Suppose 5*y + 3 = -12. Let i be 4 + y + (-9)/(-1). What is the highest common divisor of i and 2?
2
Suppose 0 = 5*c - 131 + 11. Let l = -441 + 297. Let v be (l/14)/((-13)/91). What is the greatest common factor of v and c?
24
Let w(y) = y**2 - 22*y + 6. Let t be (11/(-2))/(5/(-20)). Let b be w(t). Let r = b - -11. What is the highest common factor of 136 and r?
17
Let s(j) = -j**3 + j**2 - j. Let q be s(0). Let f be (3/9)/((-10)/(-3150)*-5). Let y = q - f. What is the highest common divisor of y and 63?
21
Let i = 279 - 158. Suppose 9 = -2*y - 1. Let o be 3 + 1 + (2 - y). What is the highest common factor of i and o?
11
Let f be 1/(18 + 57057/(-3171)). Calculate the greatest common factor of f and 12533.
151
Suppose 0 = -g + 6*b - b + 147, 2*b = -5*g + 708. Suppose -g - 210 = -11*z. Calculate the highes